igit of j(t)?
5
Suppose -2*n = 5*s + 9, 6*n + 5*s = 3*n - 6. Suppose n*f = 4*k + 60, f + 3*f = -4*k + 80. What is the units digit of (-66)/(-8) - 5/f?
8
Let d = 491 - 199. What is the units digit of d?
2
Suppose 0 = 4*f - 8*f + 448. Let d = f + -9. What is the tens digit of d?
0
Let c = -9 - -6. Let l(t) = t**2 + 3*t. Let d be l(c). Suppose -q + 0*m = 4*m - 15, d = 5*q - 4*m - 195. What is the units digit of q?
5
Suppose -2 = 2*p + 2*q, -3*p - 8*q + 3*q - 11 = 0. What is the units digit of (-2 - -1)*(-20 - p)?
3
Let d(p) = 3*p**2 + 72*p + 4. Let r be d(-24). Suppose 20 = -4*g, r*c + 5*g = 2*c + 211. What is the hundreds digit of c?
1
Let o be 24/(-16)*(1 + -169). Suppose -2*g + 0*g = -4*x, -5*g + 27 = -x. Suppose g*k + 0*k = o. What is the tens digit of k?
4
What is the thousands digit of 9 - (-4 + -1430 + 8)?
1
Suppose 2*l - 15 = -3*l. Suppose 2*b + l*b - 205 = 0. What is the tens digit of b?
4
Suppose 0 = -2*z + 12 + 68. Let n = z - 19. Suppose -3*m - n = -6, 5*m = -3*k + 2. What is the units digit of k?
9
Let k be 5*2*14/35. Suppose -k*g - 148 = -p - 3*g, g = 5*p - 720. What is the units digit of p?
3
Suppose 0 = 2*z - 0 - 102. Suppose 2*w + w = -z. Let q = 19 + w. What is the units digit of q?
2
Suppose -96 = -4*m - 6*u + 2*u, -4*u = -5*m + 102. What is the tens digit of m*1 - (-8)/(-8)?
2
Suppose 0 = -3*m - m + v + 782, -974 = -5*m + 3*v. Suppose -4*z + m = -140. What is the units digit of z?
4
Suppose 11*c - 5040 = c. What is the units digit of c?
4
Suppose -5*h + h - 18 = -y, 4*h - 210 = -5*y. Suppose -4*w + 18 = -y. What is the tens digit of 4/w - (-2560)/56?
4
Let t(m) be the second derivative of 41*m**3/6 + 11*m**2/2 + 10*m. What is the units digit of t(2)?
3
Let g(n) = -94*n - 3. What is the units digit of g(-7)?
5
Let a(l) = -l**3 - 3*l**2 + 5*l + 3. Let u be a(-4). Let t be u/(-3) + 129/(-9). What is the units digit of 4/t + 114/7?
6
Suppose -5*m - 21 = -21. Suppose m = 4*c - 225 - 99. What is the units digit of c?
1
Let n(v) = 13*v**2 - 49*v + 118. What is the hundreds digit of n(19)?
8
Suppose 3*f - 4*r + 4 = 0, 0*f = -f + 4*r - 12. Suppose n = 5*z + 81, -z = n + f*z - 101. What is the tens digit of n?
9
Let u be 35*(48/20 - 1). Suppose 5*s - 64 = -u. What is the units digit of s?
3
Suppose -u - 7 - 26 = 2*f, 0 = 3*f + 3*u + 42. Let b = 23 + f. What is the units digit of 1/b - 834/(-24)?
5
Let u(q) = q**2 + q + 1. Let g be u(-8). Let b = g - 2. What is the tens digit of b?
5
Let n(d) = -2*d**3 - 4*d**2 - d - 2. Let y(w) = w**2 + 9*w - 7. Let u be y(-5). Let o = u - -23. What is the units digit of n(o)?
6
Let c = 66 - 63. Suppose c*j - 2*a + 53 = 8*j, 2*j = -a + 22. What is the units digit of j?
9
Let t be (-9)/(-27) - (-1)/(-3). Suppose t = 5*z - 0*z - 265. What is the tens digit of z?
5
Let l = 174 + -96. Suppose 5*t = w + 2*t - l, 2*w - 4*t - 146 = 0. What is the units digit of w?
3
Let g be (-2)/(-8) - 742/(-8). Let n = g - 66. Suppose 3*a = 2*o - 9, 4*o + 5*a = 2 + n. What is the units digit of o?
6
Suppose 4*c = -4*j + 24, 3*j = -c - 2 + 4. Let h be (5 + -6)*c/(-2). Suppose -5*x = -5*y - 230, 0 = -h*x + 5*y + 60 + 124. What is the tens digit of x?
4
What is the thousands digit of 80/30*(-4671)/(-6)?
2
Let g(q) = 84*q + 46. Let c be g(6). Suppose -a - 4*a + c = 0. What is the tens digit of a?
1
Suppose -12 = -5*w + 13. Suppose 0*a - y = -a + 2, -2*y - 19 = -w*a. Suppose -40 = -a*m + 5*v + 25, v - 13 = -m. What is the units digit of m?
3
Suppose -3*j = -t + 358, 0 = -2*j - 0*t + 4*t - 222. Let r = 336 + j. What is the hundreds digit of r?
2
Suppose 0 = -5*i - 2*s + 20783, -23*i + 26*i - 12453 = 3*s. What is the tens digit of i?
5
Suppose 0 = -44*s + 39*s - 2*p + 1516, -5*p = -3*s + 891. What is the tens digit of s?
0
What is the thousands digit of 56376/270*(0 - -5)?
1
Suppose 2*l - 91 = -81. Suppose -4*x = 5*b - 255, -l*b - 2 = -2*x + 103. What is the units digit of x?
0
Suppose -5*v - 5*h + 4068 = -3*h, -v - 5*h + 832 = 0. What is the hundreds digit of v?
8
Let m = -32 - 46. What is the hundreds digit of m*(2/(-4) - 1)?
1
Let z(k) = -k**2 - 12*k - 8. Let w be z(-13). What is the hundreds digit of 35/w + 4/6 + 106?
1
Let t = 280 + 461. What is the units digit of t?
1
What is the hundreds digit of 21/105 - (-4722)/15?
3
Let b = -1675 - -3431. What is the hundreds digit of b?
7
Suppose 4*o - 3*m = -0*o + 96, -79 = -3*o + 4*m. Suppose 47 + o = 4*c. What is the units digit of c?
7
Let d(n) = n**3. Let p be d(0). Suppose -j - 1 = p, 5*b + 317 = -0*b - 2*j. Let o = -38 - b. What is the tens digit of o?
2
Let k(h) = -4*h**2 - 3*h + 3. Let j be k(-3). Let y be (-76)/j - 2/12. Suppose y*l - 16 = -4, -t - 2*l = -40. What is the units digit of t?
2
What is the tens digit of (2/(-5))/((-119)/19040)?
6
Suppose m = -p - 3, -3*p - 7 = -1. What is the units digit of (m - (-3146)/10) + (-188)/(-470)?
4
Let h = 912 + 3249. What is the hundreds digit of h?
1
Suppose 0 = 2*p - z - 3218, -6*z + 8 = -4*z. What is the thousands digit of p?
1
Let z be 29*-4*((-91)/(-14) - 7). Suppose -82 = 3*o + 2*g, -5*o + 2*g = -g + 124. Let i = o + z. What is the tens digit of i?
3
Let h(i) = i**3 + 7*i**2 - 9*i - 7. Let c be h(-8). Let k(a) = 7*a**2 + 13*a**3 - 4*a**2 - 2*a**2. What is the tens digit of k(c)?
1
Let v(p) = -10*p - 21. What is the units digit of v(-3)?
9
Suppose 0 = -2*i - 4*a - 803 + 2073, -3*i - 4*a + 1897 = 0. What is the tens digit of i?
2
Suppose 13*u - 1501 - 13501 = 0. What is the thousands digit of u?
1
Suppose 2*n - 30 = -5*b + 3*n, 18 = 4*b - 2*n. Suppose 3*s - 6*f = -b*f + 244, 5*s = -f + 406. What is the units digit of s?
1
Let h(s) = 21*s + 7 - 26*s + 2. Suppose -2*m - 32 = 4*z, 2*z + m + 8 = z. What is the units digit of h(z)?
9
Let u = 28 - 21. Suppose 0 = -u*m + 6*m + 6. What is the units digit of m?
6
Suppose 4*a - 76 = -r, 2*r + 2*a = 28 + 100. What is the tens digit of r?
6
Suppose 4*q - q = -4*w, 0 = -q + 4*w. Suppose -7*t + 350 - 98 = q. What is the tens digit of t?
3
Let x(o) = -4*o**3 + 2*o**2 + 2*o + 1. Let p be x(-1). Suppose 2*f - 4 = 4*b, 3*f = -b + 5*f + p. What is the tens digit of 24 - (b - -4 - 3)?
2
Suppose 0 = 10*c - 54 - 36. What is the hundreds digit of -2 + 1 - (-7 + c) - -293?
2
Let b = -7 - -43. Let g = b + 178. What is the tens digit of g?
1
Let p be (-11)/4*(1 + -5). Suppose p*v - 10 = 6*v. Suppose -v*z + 4 = 0, z - 2*z + 59 = 3*c. What is the units digit of c?
9
Let u(s) = -153*s + 18. What is the units digit of u(-11)?
1
Let u(r) = -r**3 - 7*r**2 - 6*r + 5. Let i be u(-6). Suppose 2*t - i*f - 75 = 0, -f + 160 + 68 = 5*t. Suppose -s + t = 12. What is the units digit of s?
3
Suppose -4*l + 35 = 3*x, 0*l - 20 = -l + 3*x. Let o = l - 20. Let c = -6 - o. What is the units digit of c?
3
Let t(m) be the third derivative of 41*m**5/15 + 5*m**4/24 - m**3 - 18*m**2. What is the units digit of t(1)?
3
Let h(y) = -y**2 + 7*y - 4. Let t(x) = -x**3 + 9*x**2 + 10*x + 5. Let u be t(10). Let s be h(u). What is the tens digit of (-22 + 1)*(-9 + s)?
6
What is the tens digit of 1/8 + 653331/424?
4
Let n = -1794 - -2694. What is the tens digit of n?
0
Let o(x) = 76*x**2 - 2*x - 2. Let k be o(2). What is the units digit of k/6 - (-3)/9?
0
Let w(s) = -4*s**3 - 6*s**2 - 17*s - 6. What is the tens digit of w(-7)?
9
Suppose -6*t + 101 = 2*g - 3*t, -2*t + 190 = 4*g. Let i = 27 + g. What is the units digit of i?
3
Let x be (14/(-6) + 2)/((-3)/45). Suppose -2*u = -c - 50, x*c = 5*u - 0*c - 120. What is the units digit of u?
6
Suppose -51337 = -36*m - 14221. What is the units digit of m?
1
What is the units digit of (-7 - (-24080)/24) + (-2)/6?
6
Let d(u) = 2*u**3 + 4*u**2 - 6*u - 6. Suppose -a = 5*s - 9, 4*a + 2*s = s + 17. What is the hundreds digit of d(a)?
1
Let d = -27 - 184. Let m = -73 - d. What is the units digit of m?
8
Let q = -22 + 27. Suppose 4*h + 1810 = q*y, -5*y - h = -2*y - 1103. Suppose b = 7*b - y. What is the units digit of b?
1
Let q(k) = 2445*k**2 + 20*k + 22. What is the units digit of q(-1)?
7
Let y(h) = -1110*h - 1004. What is the units digit of y(-5)?
6
Let i = 12 - 9. Let k(s) = i - 2*s + s**2 + 4 - s. What is the tens digit of k(5)?
1
Let p(y) = y**2 - 9*y + 20. Let m be p(6). What is the units digit of (6/(-4))/(-3)*m?
1
Suppose -5*i = -19 + 29, -3*i - 6438 = -4*y. What is the units digit of y?
8
Let l